mon factor of 47465 and r?
55
Let l be (-25)/(1 - (-4)/(-8)). Let n = -33 - l. Calculate the highest common divisor of n and 85.
17
Let t be (-9112)/(-20) + -5 - (27/(-15))/(-3). What is the highest common factor of 2070 and t?
90
Let o(p) = 227*p**3 - 2*p**2 + 1. Let f be o(1). Suppose 2*c - 3*k + 11 = 0, 300*c - 5*k = 297*c - 19. Calculate the greatest common divisor of c and f.
2
Let u(x) = -8*x**2 + 33*x - 7. Let p be u(3). Calculate the highest common divisor of p and 40.
20
Let o(g) = -328*g - 974. Let t be o(-35). What is the highest common divisor of t and 102?
102
Let z(g) = 215*g + 152. Let h be z(6). Suppose 24*f - 406 = h. What is the highest common divisor of 33 and f?
11
Let o(k) = -k + 32. Let x be o(8). Suppose -9*y - 15 = -14*y. Calculate the greatest common factor of y and x.
3
Suppose f - 3338 = -3321. Calculate the greatest common divisor of 459 and f.
17
Suppose 123*g - 466 = 119*g + t, 5*g - 3*t = 593. What is the highest common factor of g and 295?
5
Suppose -4*d = -3*k + 6 + 18, -2*k = 3*d + 18. Let g be (((-15)/d)/(-5))/((-2)/36). Suppose 0 = -a + 19 + g. Calculate the greatest common divisor of 56 and a.
28
Let h = 2876 - 1991. What is the greatest common factor of h and 75?
15
Let r be (-3)/(-6) + (-30)/4. Let z(l) = -l**3 - 8*l**2 - 7*l + 12. Let k be z(r). Suppose -7*a + k*a - 140 = 0. What is the highest common factor of a and 308?
28
Let w(t) be the second derivative of t**5/20 - 13*t**4/12 - 29*t**3/6 - t**2 + 223*t. Let v be w(15). Calculate the highest common divisor of v and 169.
13
Let l = -24910 - -24978. Calculate the greatest common factor of 748 and l.
68
Let l = -9846 + 10174. Calculate the greatest common divisor of l and 15908.
164
Let l = 4029 + -3513. What is the greatest common factor of 387 and l?
129
Suppose 6*h - 4*f + 66 = 3*h, -2*h + 2*f = 42. Let u = 22 - h. Let o = 65 - u. What is the highest common factor of 225 and o?
25
Suppose 2*u + 8 = 0, 4*d - 21*u + 16*u = 4892. Suppose -d = -7*r + 784. What is the highest common factor of 33 and r?
11
Let f(d) = 3*d**3 + 3*d**2 + 4*d + 2. Let r be f(-1). Let t be (-5 + -29)/(-2) + (-3 - r). What is the highest common factor of t and 496?
16
Let b(j) = 16*j**2 - 290*j + 43. Let m be b(18). Let q be 7/(3*2/258). What is the greatest common factor of m and q?
7
Let m = -21816 + 30783. Calculate the greatest common factor of 183 and m.
183
Let t be 14/(-16)*(28 - 52). Let c = -3 + 5. Let r be (-7)/(t/4)*(-3)/c. What is the highest common divisor of r and 16?
2
Let l = 103 - 113. Let d = 0 - l. Calculate the highest common divisor of 16 and d.
2
Suppose -2*t + 4*k - 4 = 3*t, -k = 2*t - 1. Suppose 3*f - 3 = t, 13*f - 1 = 2*z + 8*f. What is the greatest common divisor of z and 64?
2
Suppose -440 = -2*s + 11*y - 16*y, -235 = -s - 5*y. Calculate the greatest common divisor of s and 697.
41
Suppose 87*s - 11*s - 239932 = -456*s. What is the greatest common factor of s and 287?
41
Suppose 9*j + 368 = 13*j. Let x = j + -89. Suppose 5*p = 4*o - 226, 228 = x*o - 3*p + 60. What is the greatest common factor of 6 and o?
6
Suppose 4*g - 16 = 0, -z + 8 = 89*g - 91*g. What is the highest common divisor of 82 and z?
2
Suppose 66 = 4*n + 3*i, -3*n + 2*i = -2*i - 37. Let h(a) = 4*a**2 + a - 3. Let j be h(2). What is the highest common divisor of j and n?
15
Let m(w) = -w**3 + 17*w**2 + 15*w. Let j be m(17). What is the highest common divisor of 40 and j?
5
Let v(j) = -585*j + 315. Let p be v(-6). What is the greatest common divisor of 102 and p?
51
Suppose -88*n - 743 = -87*n. Let d = n - -1051. Calculate the greatest common divisor of 28 and d.
28
Let n(l) = 217*l - 1893. Let d be n(9). What is the greatest common divisor of d and 1548?
12
Let x = -22 + 25. Suppose -3*l + 19 = 2*l + x*k, -15 = -l + 5*k. What is the highest common factor of 20 and l?
5
Let u be 2*29244/(-144) + 1/6. Let k = -395 - u. Let f = 13 - 2. What is the highest common divisor of f and k?
11
Let j be (198/(-54))/((-5)/45). What is the highest common divisor of 147 and j?
3
Let l(t) = -t**3 + 11*t**2 + 6*t + 8. Suppose -5*a + 13 = -17. Let s be l(a). Suppose -h = -8*h + s. Calculate the highest common divisor of 16 and h.
16
Suppose 0 = -10*n + 20*n - 290. Let w be (2/(-3))/((-47)/16356). Calculate the greatest common divisor of n and w.
29
Let c(f) = 1134*f**2 - 61*f - 100. Let l be c(-2). Calculate the highest common divisor of 258 and l.
86
Let s be 3/(-7) - (-3243)/21. Let w = 224 - s. What is the greatest common factor of w and 10?
10
Suppose -3*n + 23 + 644 = c, -c - 880 = -4*n. Calculate the greatest common factor of n and 136.
17
Suppose -273 = -81*m + 78*m. Suppose 20*i - m = 13*i. Calculate the greatest common factor of 52 and i.
13
Let c be (229 - 343)*7/(-2). Calculate the highest common divisor of 2261 and c.
133
Suppose 5*f + 4878 = -13*f. Let h = f - -463. Calculate the greatest common factor of h and 48.
48
Let t(y) = -y**3 + 9*y**2 + 11*y - 129. Let b be t(6). Calculate the highest common divisor of b and 570.
15
Let x(y) = 73*y + 740. Let a be x(-8). Calculate the highest common factor of a and 84.
12
Suppose 78809 + 211294 = 59*i. What is the greatest common factor of 165 and i?
33
Suppose -5*x = -l - 13, -2 - 7 = 3*l. Suppose -5*b = 3*w - 87, x*w = 3*w + 1. What is the highest common divisor of 72 and b?
18
Suppose 27361 - 251445 = -11*g - 15084. Calculate the greatest common factor of g and 152.
152
Suppose 0 = -41*a + 903 + 696. What is the greatest common factor of a and 1599?
39
Let f be (9/(-2))/(6/(-852)). What is the greatest common divisor of f and 126?
9
Let u(f) = f**2 - 13*f + 37. Let k be u(7). Let r be (-216)/15*(k - 210/12). What is the greatest common divisor of 24 and r?
12
Let v be (1 + -4117)*((-1610)/105 - -15). Calculate the greatest common divisor of 1036 and v.
28
Let s be (27/2)/(2/(-8)). Suppose -3*v - 463 = -5*u, 3*u + 14*v - 17*v - 279 = 0. Let n = u + s. Calculate the highest common divisor of 114 and n.
38
Let u(y) = -2*y**3 + 14*y**2 - 3*y + 23. Let r be u(7). Let x be (-2)/(r/(-22 - 2)). What is the highest common divisor of 96 and x?
24
Let s(v) = -v**2 - 13*v + 51. Let x be s(-16). Suppose -a = -x*a + 56. What is the highest common divisor of a and 70?
14
Let d = -7415 + 11255. Suppose 0 = 40*j - 1440 - d. Suppose -66 = 2*z - 5*z. Calculate the greatest common factor of z and j.
22
Let g be (-2)/4 - 72/(-16). Suppose 0 = -4*j + j + 12. Suppose 6 - j = r. Calculate the highest common factor of r and g.
2
Suppose 19*q - 3646 + 321 = 0. What is the greatest common factor of q and 665?
35
Let m(u) = 16*u + 9250. Let b be m(-150). Calculate the greatest common factor of 2192 and b.
274
Let s(c) = c**3 + 5*c**2 + 5*c + 9. Let z be s(-4). Suppose -4*d = 0, 0*d - 4 = -2*q - z*d. Calculate the highest common factor of q and 25.
1
Let y(u) = -3*u - 4*u**3 - 23 + 5*u**3 + 10*u**2 + 35. Let x be y(-9). Calculate the highest common factor of x and 24.
24
Suppose 2*h + 5*p - 699 = 0, -2*h - 4*p + 1052 = h. Calculate the highest common factor of h and 506.
22
Suppose -p = 2*p - 42. Suppose -26057*s - 2058 = -26060*s. What is the highest common divisor of s and p?
14
Suppose 0 = 81*x - 89*x + 1424. Suppose -4*q + 10 = -3*h + 138, 2*q = -4*h + x. Calculate the highest common factor of h and 110.
22
Suppose 0 = 40*a + 26069 - 97189. What is the highest common factor of 28 and a?
14
Let o(x) = x + 179. Let b(r) = -89. Let m(h) = -9*b(h) - 4*o(h). Let k be m(15). What is the greatest common factor of k and 10?
5
Let v be 36 - (1 - 2)*4. Let t(b) = -14*b + 2. Suppose -6*n - 14 = -4*n. Let c be t(n). Calculate the greatest common divisor of c and v.
20
Let i = 113 + -101. Let s = -23 - -19. Let j be 21*i/(-4)*s/6. Calculate the greatest common divisor of j and 56.
14
Suppose 9*p - 756 = 9702. What is the highest common divisor of p and 28?
14
Let s = -209 - -200. Let b(n) = 2*n**3 + 18*n**2 - 3*n + 5. Let o be b(s). What is the greatest common divisor of 128 and o?
32
Suppose p - 3 + 0 = 0, -5*a + 3*p + 11 = 0. Let n be 18/(-54) + 529/3. Calculate the highest common divisor of a and n.
4
Let o(b) = 6*b + 52. Let h be o(6). Suppose 4*c + 2*u = 192, 4*c - 2*c - u - h = 0. What is the greatest common factor of c and 184?
46
Let g = -12 - -66. Suppose -3*f = -3, 3*r - 